29) + -17
-2
Evaluate 95 - 88 - (-5 - 1).
13
Calculate 21 + 0 + -45 - -46.
22
What is the value of -39 - -33 - (-9 + -4) - 36?
-29
What is -8 + -16 + 3 - -33?
12
4 + 3 - (7 - (4 + -1))
3
Calculate -3 + (-2 - -8) + -19.
-16
Evaluate (-1 - (-3 + 7)) + -1 + -12.
-18
What is the value of -3 + (-2 - -3) - -16?
14
Calculate (-12 - (5 - 14)) + -5.
-8
What is the value of -4 + 12 + -7 + -10 + 18 - 29?
-20
Evaluate (0 - 0 - ((-25 - -18) + 1)) + 3.
9
Calculate 2 + 1 - (31 + 3 + -17).
-14
What is (-15 + 2 - -9) + -7?
-11
What is 6 - 2 - (-14 - -29)?
-11
What is the value of 807 + -800 + (0 - -7)?
14
What is 2 - ((-4 - (-10 + 2)) + (-12 - -6))?
4
Evaluate 36 - (-41 - -97) - -3.
-17
What is the value of 9 - (7 + -2 - -6) - (0 + 2)?
-4
Evaluate 2 - -6 - (451 + -426).
-17
Calculate (-17 - 3) + 0 + 8 + 2 + -6.
-16
What is the value of (15 + (-3 - 2) - (-3 - -9)) + 6?
10
9 + (-33 + 18 - (-27 - 0))
21
Calculate (5 - (9 - -2)) + 3 + (-13 - -5).
-11
Calculate 9 - ((15 + -4 - 27) + -13).
38
Calculate -13 - -42 - (-61 + 64).
26
-5 + 5 + -10 + 3 + 1 + 4
-2
What is the value of (-54 - -17) + 18 + 6?
-13
What is the value of (-2 - (14 + -15)) + (-3 + 12 - 3)?
5
2 - (2 + -1) - (-28 - -29)
0
(63 + -33 - 23) + 14
21
What is (2 - -1 - (-85 - -89)) + -2?
-3
What is (5 + 0 - -3 - 4) + (19 - 28)?
-5
Evaluate -43 - (-32 + 14) - -8.
-17
What is the value of -11 - (16 + -1 + -11 - 20)?
5
Calculate -15 - ((2 + -1 - -5) + 2).
-23
What is 10 + ((-6 - -8) + -5 + -3 - -1)?
5
Calculate -13 - (-8 + (2 + -3 - 0)).
-4
Calculate (65 - (62 + -37)) + -11.
29
What is the value of (-1 - 1) + 7 - (9 + 4 + -1)?
-7
What is the value of -2 + -14 + 22 - 17?
-11
Evaluate (-2 + 4 + -10 - 2) + 2.
-8
What is (0 + 7 + (-23 - -23) - 5) + 8?
10
What is 1 - 2 - (2495 + -2526)?
30
What is (5 - 17 - -6) + -3 - 4 - 5?
-18
Evaluate -19 + (16 - (-3 - (-19 - -2))).
-17
Evaluate -2 + -3 + 9 - (12 + -3) - 10.
-15
What is -7 + 10 + 0 - -6?
9
What is 1 - -1 - (-4 - -3 - -6) - 4?
-7
Calculate 165 - 183 - (-3 - -4).
-19
What is 27 + (-27 - (-23 + -2))?
25
What is -49 + 47 + (-2 - 4 - 0)?
-8
-3 - (0 + -2 - (25 + (-15 - -5)))
14
120 + -115 + 0 + -1 + -1 - 13
-10
-9 - (6 + -9 + -2)
-4
Calculate 7 - (-9 - -13) - (-9 + 5 + -3).
10
(53 - 9 - 23) + 8
29
Evaluate (-43 - -9) + (-1 - 0).
-35
(20 - (-10 + 21)) + (-10 - 1)
-2
What is -16 - ((6 - 31) + 12)?
-3
What is the value of -15 + (11 - 6) + 21?
11
Calculate -20 - (22 + -17 - (5 - (12 - 1))).
-31
What is the value of 4 - -2 - (2 - -4) - 3?
-3
What is the value of -20 + -14 + -9 + (15 - -2)?
-26
What is -6 - (0 - (-11 + 9)) - -9?
1
What is the value of 9 + (6 - (0 + -1)) + -9 + -3?
4
Calculate (-1 - (-1 + 6)) + 0 + 7 + -15.
-14
-32 - (-1 - (-7 + (15 - 11)))
-34
Evaluate 1 + 7 + (0 - (9 - 3)) - -26.
28
Evaluate -14 + (-9 + 14 - -2) + 1.
-6
What is 4 - 8 - 9 - -8?
-5
4 + (9 - 10) - (10 - 3)
-4
Calculate 1 - ((9 - 9 - -23) + -6).
-16
176 - 192 - (0 + -19)
3
What is 1 - (-4 - 10 - -29)?
-14
What is 7 + (5 - 8) + 1 + -14?
-9
-6 + 9 - (-2 + 3 + 0 + 11)
-9
What is -4 - ((-4 - 1) + 1) - 5 - -4?
-1
What is -39 + 25 + (0 - -10)?
-4
-6 + 19 + 11 + -15
9
Calculate -8 - (-8 - -9 - 0 - 27).
18
Evaluate (16 - 5) + (14 + -2 - (24 + -28)).
27
What is the value of 21 + (9 - (23 - -18))?
-11
Evaluate (16 - -2) + -33 - 1 - 5.
-21
What is the value of (-8 - 20 - 0) + 46?
18
Evaluate -30 - -21 - (-3 + -2 + 4 - -22).
-30
(25 + -28 - (0 + 0)) + 5 + -1
1
(93 - 94) + (1 - 0)
0
Calculate 2 + 1 - (10 - (-2 + 8) - -7).
-8
-2 + 9 + -8 - 9 - -6
-4
72 + -59 - (-2 - 5 - -24)
-4
What is the value of 83 - 67 - (-2 + 2)?
16
Evaluate (24 - ((21 - 9) + -6)) + -3 - 4.
11
-20 + 14 + 1 + -15
-20
Evaluate 1 + (8 - (-1 + (-2 - 0) - -7)).
5
Evaluate -2124 + 2131 + 24 + 1.
32
What is -6 + ((3 - -4) + -1 - 8 - 0)?
-8
Evaluate (1 - -6) + (-4 - -9) + -6.
6
Evaluate -1 + 10 + (14 + -18 + -16 - -16).
5
What is the value of 34 + -1 + 75 + -70?
38
Calculate -26 + -28 + 12 + 17.
-25
Calculate (22 + -13 - (-2 - -10)) + -10.
-9
What is the value of -7 - (-8 - 4 - 1)?
6
(-5 - -6) + (2 - -1 - -4 - -21)
29
Evaluate 24 + (-22 - -10) - 24.
-12
Evaluate 1 + 10 - (4 + (4 - 12) - -2).
13
Calculate 2 + 12 + -1 + (91 - 86).
18
Calculate 8 + (-8 - -21 - 13).
8
What is the value of -62 + 66 + (-23 - (3 - 3))?
-19
Evaluate -9 + (-14 - -38) - 21.
-6
0 + 4 + -5 - (0 - 5)
4
What is -1 + 1 + (14 + -46 - -20)?
-12
8 - (-9 - (-16 - (6 + (5 - 12))))
2
What is the value of -29 - -26 - 1 - 13?
-17
What is the value of (-12 - 2 - (47 + -56)) + 23?
18
What is (-4 + 2 - 6) + -21 + 27?
-2
Calculate 7 + -19 - (-7 - 1 - 1).
-3
(2 - -6) + (-67 - -60) + 10
11
What is 13 + -35 + (-8 - -30)?
0
Evaluate 0 + 7 - -2 - (8 - 15 - -12).
4
What is the value of 3 + -13 + (1 - 0) - (-13 - -7)?
-3
What is the value of 4 + -1 - (2 + (1 + -3 - -12))?
-9
What is the value of 1 - 8 - (2 + 14 - 15)?
-8
What is the value of (13 - -12) + (1 - 9) + -3?
14
Evaluate 7 + 1 + (-3 - (-2 + -21)) + -12.
16
-14 - (-11 - (7 + -20 + 3))
-13
Evaluate 20 + 5 + (2 + -7 - 6) + 1.
15
What is -854 + 858 + (-20 - -1)?
-15
-207 + 209 - (0 + 0 - (-6 - 0))
-4
What is (-2 - -44) + (-232 - -167)?
-23
What is -4 + 2 + 0 + 4 + -7 - -8?
3
Calculate (0 + -2 - (4 - 13)) + (-20 - 1).
-14
Calculate -15 - (3 + -24 - (-2 - 7)).
-3
What is 1 - (-6 + 4) - (-9 + 2 - -11)?
-1
-17 + (3 - 12 - -32)
6
Evaluate 6 + -4 - (-4 - (8 - 8)).
6
What is (-6 - 0) + (10 - -8) + -15 + -1?
-4
Calculate 59 - (-33 - -33 - -35).
24
Calculate -1 - -5 - 4 - (-11 - -20).
-9
Evaluate -28 + 17 + 17 + 19.
25
(12 - 3) + (-15 - (1 + -8))
1
What is the value of (40 - 8) + 9 - (-3 + 13) - 6?
25
-88 + 85 + 0 + 0
-3
Evaluate (-29 - -15 - -32) + -17.
1
Calculate -12 + 8 + 1 + 4.
1
What is -6 + 22 + 3 - 10?
9
What is 3 + (3 + (0 - -3 - 2) - 6)?
1
(-1 + (-4 - 0) - -6) + (21 - 2)
20
-10 - (3 - 7) - (-5 + -1) - 2
-2
Evaluate 16 - (1 - (6 + -7 + 3 - 0)).
17
Calculate (70 - 81) + (42 - 2).
29
What is -16 + -1 + (-3 + -2 - (16 - 28))?
-10
Evaluate -4 + (11 + 9 - 7) + (-1 - -5).
13
0 + (11 - ((-3 - 5) + (-5 - -10)))
14
Calculate 11 - (2 + -2 + (5 - 6)).
12
What is (103 - 78) + (-7 + -1 - 0)?
17
What is the value of 13 - 2 - (18 + -40 - -38)?
-5
What is the value of 23 + -13 + 17 + -12?
15
What is the value of -5 - (10 - (20 - 9) - (2 + -4))?
-6
Evaluate 2 + 2 + -5 + -5 + 33.
27
Evaluate 377 + -371 + 1 + (1 - -3) + -3.
8
Calculate -3 - ((0 - 14) + (-3 - (15 + -8))).
21
29 + -31 + 38 + -18
18
Evaluate -16 + 23 - 1 - -1 - 8.
-1
Evaluate 2 - (25 - (-8 - -16)).
-15
Calculate -6 - -1 - (-2 - (-3 - 4 - -1)).
-9
What is (-4 - (7 + -1) - -18) + -16?
-8
What is -4 + 11 + (-18 - -14)?
3
What is -2 + (24 + -21 - (-2 + -5)) - 0?
8
-20 - ((-27 - -35) + -20 + -2)
-6
Evaluate (-2 - -2 - 4) + (31 - (36 + -12)).
3
What is 10 - (20 + -27) - -3?
20
What is -6 - (-6 + 0 + -3 + 6)?
-3
What is the value of -12 - 0 - (-135 + 129)?
-6
Calculate -4 - (-6 + 0 + (-4 - -6) + 4).
-4
Evaluate (-5 + -1 - 0) + -3 + 0.
-9
What is -11 + -3 + (5 + 0 - -41)?
32
Calculate (-18 - -18) + -11 + -14.
-25
Evaluate 8 + (-10 - (-1 - 13)) - 34.
-22
-11 - (4 + -11) - (2 + -2 + 3)
-7
Calculate 51 + -1 - (410 + -380).
20
Calculate 31 - ((-3 - 0 - -30) + -10).
14
Calculate (33 + 2 + -19 - -21) + -15.
22
Evaluate 1 + (2 - 3) - (-11 - 0).
11
What is 21 + (-34 + 37 - (2 + 9 + -2))?
15
What is 6 + 15 - 7 - 27?
-13
Calculate 0 - -15 - (1213 + -1191).
-7
Calculate -15 + (-4 - (14 - 28)).
-5
Calculate 0 + -14 - -1 - 1.
-14
Calculate 19 + (1 - -2) + (-1 - (4 + -4)).
21
Evaluate (-31 - -2 - -19) + 4.
-6
Evaluate 235 + -248 + 8 + (2 - -1).
-2
Calculate (-46 - -34) + 1 + -11.
-22
12 + -10 - 11 - -12
3
Evaluate (1 - 1) + (28 - (-56 - -64)).
20
What is -10 + 19 + 1 + -17 + 6?
-1
What is the value of -8 - (-1 + -10 + -72 + 79)?
-4
What is 0 - 13 - (53 + -50)?
-16
(-32 - 12) + 0 + (19 - 0)
-25
(7 - 6) + 11 + -6 + 1 + 2
9
What is the value of -3 + (6 - (-13 - -9))?
7
Evaluate 16 + (-54 + 9 - -28).
-1
What is the value of -2 - (-3 + 7) - (-4 - (4 + -4))?
-2
-11 + (-1 - (-7 + -3))
-2
What is the value of (7 - -1) + 2 + 9 + 87 + -102?
4
Evaluate -4 + 12 + -1 + -4 + -3.
0
Calculate -50 + 83 + (-2 - 10).
21
Calculate 8 - (14 - 20 - -27) - -30.
17
What is 9 + (9 - (12 + 2))?
4
Evaluate 35 - 20 - ((4 - 3) + 6).
8
What is the value of 0 + (4 - (12 + -5 + 5 + -4))?
-4
Calculate 57 + -53 + (-1 - 6) + -8.
-11
What is 25 